he prime factors of 10898?
2, 5449
List the prime factors of 664.
2, 83
What are the prime factors of 14133?
3, 7, 673
What are the prime factors of 8659?
7, 1237
What are the prime factors of 884?
2, 13, 17
List the prime factors of 2625.
3, 5, 7
List the prime factors of 2955.
3, 5, 197
What are the prime factors of 4997?
19, 263
List the prime factors of 147551.
147551
List the prime factors of 3804.
2, 3, 317
List the prime factors of 323.
17, 19
What are the prime factors of 1283?
1283
List the prime factors of 1936.
2, 11
List the prime factors of 384.
2, 3
List the prime factors of 892.
2, 223
List the prime factors of 5405.
5, 23, 47
List the prime factors of 34384.
2, 7, 307
What are the prime factors of 27266?
2, 13633
List the prime factors of 3562.
2, 13, 137
What are the prime factors of 3521?
7, 503
List the prime factors of 573.
3, 191
What are the prime factors of 1179?
3, 131
What are the prime factors of 1111?
11, 101
List the prime factors of 786.
2, 3, 131
What are the prime factors of 30376?
2, 3797
List the prime factors of 1439.
1439
List the prime factors of 2930.
2, 5, 293
List the prime factors of 879.
3, 293
What are the prime factors of 333?
3, 37
List the prime factors of 2278.
2, 17, 67
List the prime factors of 19507.
19507
List the prime factors of 2815.
5, 563
What are the prime factors of 22057?
7, 23, 137
List the prime factors of 2324.
2, 7, 83
What are the prime factors of 117465?
3, 5, 41, 191
List the prime factors of 4003.
4003
List the prime factors of 1140.
2, 3, 5, 19
List the prime factors of 17549.
7, 23, 109
What are the prime factors of 467?
467
What are the prime factors of 119812?
2, 7, 11, 389
List the prime factors of 3676.
2, 919
What are the prime factors of 789?
3, 263
List the prime factors of 16282.
2, 7, 1163
What are the prime factors of 6901?
67, 103
What are the prime factors of 3643?
3643
What are the prime factors of 2584?
2, 17, 19
List the prime factors of 1744.
2, 109
List the prime factors of 34787.
43, 809
What are the prime factors of 3504?
2, 3, 73
What are the prime factors of 1231?
1231
List the prime factors of 1062.
2, 3, 59
List the prime factors of 7050.
2, 3, 5, 47
List the prime factors of 13150.
2, 5, 263
What are the prime factors of 1889?
1889
What are the prime factors of 893?
19, 47
What are the prime factors of 23523?
3, 7841
What are the prime factors of 29414?
2, 7, 11, 191
List the prime factors of 42144.
2, 3, 439
List the prime factors of 17658.
2, 3, 109
What are the prime factors of 56276?
2, 11, 1279
What are the prime factors of 16129?
127
What are the prime factors of 1596?
2, 3, 7, 19
What are the prime factors of 1985?
5, 397
List the prime factors of 24802.
2, 12401
What are the prime factors of 3089?
3089
What are the prime factors of 7981?
23, 347
List the prime factors of 1356.
2, 3, 113
What are the prime factors of 138?
2, 3, 23
What are the prime factors of 2959?
11, 269
List the prime factors of 11841.
3, 3947
What are the prime factors of 20076?
2, 3, 7, 239
What are the prime factors of 33424?
2, 2089
List the prime factors of 10512.
2, 3, 73
List the prime factors of 11281.
29, 389
What are the prime factors of 14310?
2, 3, 5, 53
What are the prime factors of 5043?
3, 41
What are the prime factors of 14082?
2, 3, 2347
What are the prime factors of 6185?
5, 1237
What are the prime factors of 3405?
3, 5, 227
What are the prime factors of 7596?
2, 3, 211
What are the prime factors of 1050?
2, 3, 5, 7
List the prime factors of 46239.
3, 15413
List the prime factors of 32148.
2, 3, 19, 47
What are the prime factors of 1855?
5, 7, 53
List the prime factors of 4417.
7, 631
What are the prime factors of 2185?
5, 19, 23
List the prime factors of 990.
2, 3, 5, 11
What are the prime factors of 69578?
2, 19, 1831
List the prime factors of 953.
953
List the prime factors of 1007.
19, 53
What are the prime factors of 32064?
2, 3, 167
List the prime factors of 4895.
5, 11, 89
What are the prime factors of 9667?
7, 1381
List the prime factors of 59982.
2, 3, 13, 769
List the prime factors of 40276.
2, 10069
What are the prime factors of 1811?
1811
List the prime factors of 49465.
5, 13, 761
What are the prime factors of 18561?
3, 23, 269
List the prime factors of 2518.
2, 1259
What are the prime factors of 7074?
2, 3, 131
List the prime factors of 364.
2, 7, 13
What are the prime factors of 52942?
2, 103, 257
List the prime factors of 29350.
2, 5, 587
List the prime factors of 35719.
23, 1553
List the prime factors of 1469.
13, 113
What are the prime factors of 17142?
2, 3, 2857
What are the prime factors of 6137?
17, 19
List the prime factors of 486.
2, 3
List the prime factors of 11191.
19, 31
What are the prime factors of 36261?
3, 17, 79
What are the prime factors of 14630?
2, 5, 7, 11, 19
What are the prime factors of 18453?
3, 6151
List the prime factors of 86.
2, 43
What are the prime factors of 78308?
2, 19577
What are the prime factors of 2200?
2, 5, 11
List the prime factors of 41038.
2, 17, 71
List the prime factors of 21563.
21563
List the prime factors of 17637.
3, 5879
List the prime factors of 412.
2, 103
List the prime factors of 2633.
2633
What are the prime factors of 2101?
11, 191
List the prime factors of 13170.
2, 3, 5, 439
What are the prime factors of 862?
2, 431
List the prime factors of 1202.
2, 601
What are the prime factors of 17024?
2, 7, 19
List the prime factors of 41198.
2, 20599
List the prime factors of 58959.
3, 6551
List the prime factors of 17007.
3, 5669
List the prime factors of 1857.
3, 619
List the prime factors of 684.
2, 3, 19
List the prime factors of 44393.
103, 431
What are the prime factors of 7726?
2, 3863
List the prime factors of 695.
5, 139
List the prime factors of 8026.
2, 4013
List the prime factors of 1092.
2, 3, 7, 13
What are the prime factors of 3274?
2, 1637
List the prime factors of 1618.
2, 809
List the prime factors of 3564.
2, 3, 11
List the prime factors of 23457.
3, 7, 1117
List the prime factors of 14634.
2, 3, 271
What are the prime factors of 30973?
47, 659
What are the prime factors of 17586?
2, 3, 977
What are the prime factors of 21278?
2, 10639
What are the prime factors of 5364?
2, 3, 149
List the prime factors of 64520.
2, 5, 1613
What are the prime factors of 33297?
3, 11, 1009
List the prime factors of 41756.
2, 11, 13, 73
List the prime factors of 17988.
2, 3, 1499
List the prime factors of 35423.
35423
List the prime factors of 9002.
2, 7, 643
List the prime factors of 27488.
2, 859
What are the prime factors of 9467?
9467
What are the prime factors of 3009?
3, 17, 59
List the prime factors of 1475.
5, 59
What are the prime factors of 70953?
3, 67, 353
What are the prime factors of 37949?
137, 277
What are the prime factors of 863?
863
What are the prime factors of 4116?
2, 3, 7
List the prime factors of 451.
11, 41
List the prime factors of 12525.
3, 5, 167
List the prime factors of 1834.
2, 7, 131
List the prime factors of 35185.
5, 31, 227
What are the prime factors of 3762?
2, 3, 11, 19
List the prime factors of 2358.
2, 3, 131
What are the prime factors of 7611?
3, 43, 59
What are the prime factors of 106856?
2, 19, 37
What are the prime factors of 16929?
3, 11, 19
What are the prime factors of 6789?
3, 31, 73
What are the prime factors of 41584?
2, 23, 113
What are the prime factors of 10181?
10181
What are the prime factors of 70603?
13, 5431
List the prime factors of 163.
163
List the prime factors of 11821.
11821
List the prime factors of 3706.
2, 17, 109
List the prime factors of 3698.
2, 43
List the prime factors of 5046.
2, 3, 29
List the prime factors of 1396.
2, 349
What are the prime factors of 4500?
2, 3, 5
List the prime factors of 5327.
7, 761
List the prime factors of 24383.
37, 659
What are the prime factors of 18388?
2, 4597
List the prime factors of 162345.
3, 5, 79, 137
List the prime factors of 26692.
2, 6673
What are the prime factors of 43538?
2, 11, 1979
What are the prime factors of 121285?
5, 127, 191
What are the prime factors of 61665?
3, 5, 4111
List the prime factors of 4777.
17, 281
What are the prime factors of 85027?
85027
What are the prime factors of 7348?
2, 11, 167
What are the prime factors of 705?
3, 5, 47
List the prime factors of 4